at is g(a)?
1
Suppose 0 = -301*m + 307*m - 204. Let j(u) = -m + 30 - 9*u + 20 + 0*u**3 + u**3 + 11*u**2. Calculate j(-12).
-20
Let h(u) = u**2. Let n(b) = -10*b - 7. Let i(a) = -4*h(a) + n(a). Let s(g) = g**2 + g + 1. Let l(c) = -i(c) - 3*s(c). Give l(-5).
-6
Let i(g) = -g - 1. Let d(f) = 10*f + 3. Let y(n) = d(n) + 2*i(n). Suppose -3*s = 4*l - 5, 2*s - 8 = -12*l + 14*l. Determine y(l).
-7
Let t(k) = k**2 + 41*k - 126. Let f be t(3). Let d(b) = -2*b**3 + 12*b**2 + 3*b - 18. Determine d(f).
0
Let p(z) = 3*z + 48. Let j be p(-15). Let q(c) = 13*c - 19. Let g be q(j). Let m(d) = 11 - 27 + g + d. Give m(-3).
1
Let k(j) = j - 6. Let x(s) = s**2 + s + 1. Let q(z) = k(z) - x(z). Let w = -59907 + 59907. Determine q(w).
-7
Let y(w) = w**3 + 13*w**2 + 22*w + 18. Let u be ((-396)/(-27))/(-2)*(1 - (-2)/4). Determine y(u).
18
Suppose 14*g + 28 + 107 = 5*g. Let y(q) = -q**3 - 16*q**2 - 15*q - 12. Determine y(g).
-12
Let l = 5083 - 5089. Let w = -13 - -15. Let o(t) = -3 - 5*t**w + 4*t + t - t**3 - 5 + 4. Determine o(l).
2
Let s(l) = -6*l - 16. Let p(t) = -7*t - 16. Let g(n) = 5*p(n) - 6*s(n). Let z be g(-4). Suppose -2*v = z - 4. Let c(k) = -5*k. Calculate c(v).
20
Suppose -3*q - 53*i = -56*i - 3, -2*i = -5*q + 17. Let y(x) = -2*x**3 + 9*x**2 + 8*x - 6. Give y(q).
9
Let s(g) = g**2 + 19*g + 22. Let h be s(-18). Let u(i) = -h*i + 5 + 8*i**2 - 3*i**2 - 4*i**2. Suppose -2*j = -r + 2, -2*r + r + 3*j = -1. What is u(r)?
5
Let o(u) = -u - 1. Let t(v) = v**2 - 5*v + 6. Let i(p) = 6*o(p) - t(p). Let z = 6 - 6. Give i(z).
-12
Let l be 7/21*(2 + 16 + -3). Let d(v) = 1 + v**2 - l*v**2 + 4*v**2 - 9*v + 2*v + v**2. Calculate d(8).
9
Let s(j) = j**2 - 3*j + 1. Suppose 43 = -i + 46. Suppose i = 4*h + 5*k + 10, -2*k - 8 = -h. Suppose 3*g = h*f + 11, 0 = -3*g - 2*f + f - 1. What is s(g)?
-1
Let j = 241 - 418. Let f = j - -186. Let p(v) = v - 13. Calculate p(f).
-4
Let t(k) be the second derivative of 1/6*k**3 + 46*k + 3/2*k**2 + 0. Suppose 0 = 4*p - 6 - 6. Determine t(p).
6
Let c(m) = -30*m - 221*m**2 + 12*m - 224*m**2 + 447*m**2. Determine c(9).
0
Let r be 18/24 - (95/20 + 1). Let k(f) = -11*f**3 - 7*f**2 - 10. Let h(s) = -6*s**3 - 3*s**2 - 4. Let m(y) = r*h(y) + 2*k(y). Give m(1).
9
Suppose -32*b = -61*b - 319. Let a(l) be the first derivative of 0*l**2 - 4 + 1/4*l**4 + 11/3*l**3 - 7*l. What is a(b)?
-7
Let p(l) = l**3 - l**2 + 2*l + 2. Suppose -840 = 4*u - 960. Suppose -30 + u = -13*d. Determine p(d).
2
Let n(u) = -44*u + 179. Let d be n(4). Let w(k) = -1 - k**2 - d*k + 21*k**3 + k + 0*k. Give w(-1).
-21
Suppose -125*s + 144*s = -323. Let h(u) = -2*u - 10. What is h(s)?
24
Let l = 97 + -91. Suppose -58*h + 57*h - l = 0. Let u(t) = t**3 + 6*t**2 - t + 4. What is u(h)?
10
Suppose 0 = -3*t + 5 - 2. Let p(u) = u**3 - 2*u + 0 + 22*u**2 - 3 - t - 18*u**2. Determine p(-3).
11
Suppose 0 = 3*l + 2*l - 5*n - 65, -5*l - 4*n = -83. Suppose 8*r - l = 41. Let y(v) = -v + 9. Determine y(r).
2
Let m(i) = -i**2 - 2*i + 1. Suppose -2*g = -4*f + 4, 0 = 5*f - g - 8 + 3. Give m(f).
-2
Let p(s) = -s. Suppose -w + 2 = u - 4*u, -3 = 3*u. Let l be w/(-1) + (1 - 16/(-8)). Determine p(l).
-4
Let q(z) be the second derivative of z**2 + 1 - z + 1/6*z**3 - 1/10*z**5 + 1/6*z**4. Give q(2).
-4
Let t(w) = -5*w**2 + 219*w + 49. Let l(u) = -296*u - 1436. Let d be l(-5). Give t(d).
5
Let b(h) = h**3 + 2*h**2 + h - 4. Let r(v) = -20*v**3 + v**2 + 3*v + 2. Let l be r(-1). Let j = 24 + l. Let p be 7/(-2) + (j/8 - 5). Calculate b(p).
-16
Let z(m) = -57*m + 393. Let t be z(7). Let p(y) = 3*y + 30. Let l(w) = -2*w - 20. Let g(c) = 7*l(c) + 5*p(c). Determine g(t).
4
Let o(k) be the second derivative of k**3/6 + k**2/2 + 3*k + 3. Let i = 61 - 83. Let s = i - -22. Give o(s).
1
Let b(t) = 11*t**2 - 25*t + 50. Let i(h) = 4*h**2 - 8*h + 17. Let l(s) = 3*b(s) - 8*i(s). Let w be 1/((-4)/(-36))*(0 + 1). Give l(w).
-4
Let r(o) = 41 - 14*o**2 + 10*o**2 + 33*o - 26 + 6*o**2. Determine r(-16).
-1
Let w(y) = -2*y - 6. Let h(z) = 3*z**3 + 80*z**2 - 8*z + 512. Let u be h(-27). Calculate w(u).
-4
Let f(s) = s**2 - 24*s + 3. Let a(m) = -4*m**2 + 95*m - 3. Let k(c) = 6*a(c) + 22*f(c). Give k(22).
4
Suppose -3*u = -3*b - 45, 7*u - 35 = 3*u - b. Let w(h) = 2*h - 25. Calculate w(u).
-5
Let t(r) = 10*r - 38. Let m be t(4). Let j(y) = -1 + 3*y + 6 - 5 - m*y - 2. Give j(1).
-1
Let v(y) = -6*y - 7*y + 15 + 2256*y**3 - 2255*y**3 - 10*y**2. What is v(11)?
-7
Suppose -123*p = -134*p. Let s(u) be the second derivative of u**4/24 + 7*u**3/6 - 17*u**2/2 + 14*u. Let g(t) be the first derivative of s(t). Give g(p).
7
Let v(f) = -3*f**3 + 2*f**2 - 2*f. Let k(d) = -16*d**3 + 9*d**2 - 11*d - 1. Suppose -h = 2 - 6, -25 = 3*m + 2*h. Let l(w) = m*v(w) + 2*k(w). Determine l(4).
-2
Let r = -8 + 13. Suppose 5*p - 3*x + 6 = -4*x, -2*p = -r*x + 24. Let n(l) = 277*l - 3. Let d(c) = -104*c + 1. Let f(k) = 8*d(k) + 3*n(k). Give f(p).
1
Let c(f) = f**2 - 3*f - 8. Suppose -22*n = -6*n + 112. Let q be (144/84)/((-2)/n). Determine c(q).
10
Let z be 40/8*(6/15)/1. Suppose 0 = -2*g - z, -2*g = -4*s - 0*s - 6. Let i(d) = 4*d + 51. Let u(q) = q + 17. Let n(k) = s*i(k) + 7*u(k). Give n(10).
7
Let h(w) be the second derivative of 1/6*w**3 + 3 + 3*w + 5/2*w**2. Let y = -14 + 4. Calculate h(y).
-5
Let u(k) = 2. Let d(s) = -s**2 - 22. Let t(z) = -d(z) - 5*u(z). Let c(a) = -5*a**2 - 2*a - 47. Let v(o) = -2*c(o) - 9*t(o). Determine v(-7).
7
Let b(f) = -47*f + 983. Let i(g) = 16*g - 325. Let r(q) = 6*b(q) + 19*i(q). Calculate r(13).
9
Let a(d) = 74*d + 64*d + 51*d + 54*d - 6 - 286*d. Determine a(1).
-49
Suppose 0 = -k + 7, -3*k + 12 = 3*g + 18. Let y(b) = b**3 + 8*b**2 - 6*b + 2. Calculate y(g).
-25
Let z(l) = -12*l**2 + 2576*l**3 + 16*l**2 - 1283*l**3 - 1292*l**3. Calculate z(-5).
-25
Let s(o) = o**3 + 7*o**2 + 3*o + 18. Let l be s(-7). Let b(z) = -z**3 - z**2 + z - 5. Give b(l).
10
Let n = 31803 + -31772. Let h(z) be the second derivative of -1/3*z**3 + 0 - 4*z**2 + n*z. Calculate h(6).
-20
Let x be 3 - -12*((-17)/2)/17. Let f(c) = -c**3 - 2*c**2 + 2*c + 2. Calculate f(x).
5
Let t = -22 + 25. Suppose t*q - 7 = 8. Suppose w = -5*m + 14, 0 = q*w - 5*m - 4 - 6. Let z(l) = 3*l**2 - 5*l - 4. Calculate z(w).
24
Let y(k) = -2*k - 3043865594*k**2 + k**3 + 3043865588*k**2 + 5 + 3*k. Let m = 9 + -5. Determine y(m).
-23
Let b = 42 - 35. Let h(m) = 212 - 217 + 8*m - b*m. Calculate h(-6).
-11
Suppose -3*j - 3*p + 117 = 0, 29 = -4*j + 3*p + 150. Let d be 18/153 - (-64)/j. Let m(o) = -d + 6*o**2 - 2*o**2 + o - 3*o**2. Give m(3).
10
Let l be ((-35)/10)/(15/(-30)). Let c(b) = -3*b**2 + 11*b - 1. What is c(l)?
-71
Let b(h) = h**2 + 57*h - 20*h - 11*h - 19*h + 1. Let a(m) = 9*m + 2. Let s be a(-1). Determine b(s).
1
Let t(v) be the second derivative of -8*v**3/3 + 13*v**2/2 + 274*v - 1. Determine t(3).
-35
Let d(i) = -i**2 - 5 - 2*i**2 - 8*i - i**2 + i**3. Suppose -5*a + 638 = 2*s - 0*s, 3*a + s = 383. Let f = a - 122. What is d(f)?
19
Let y(u) = -u - 16. Suppose -6*c + 4 + 20 = 0. Suppose 0 = -12*x + c*x + 40. Suppose s + 25 = -5*v, -3*s - 20 = x*v - v. What is y(s)?
-16
Let a(r) be the first derivative of -r**2/2 + 157934. Suppose -5*i + 10 = -5. Suppose -5*f + 2 = -i*f. What is a(f)?
-1
Let n(y) = 3*y - 14. Let q(j) = 77*j + 263. Let w(s) = 6*n(s) - q(s). Calculate w(-6).
7
Suppose 4*k - 9*k - 4*h - 17 = 0, -5*k = -h + 27. Let i be k/(30/(-54)) + -9. Let m(z) = -2*z + 1. What is m(i)?
1
Let r(t) be the first derivative of t**3/3 - 4*t**2 - 2*t - 8289. What is r(10)?
18
Let y(f) = -2*f + 8. Let m be (-259)/(-21) - -4 - 6/(-9). Let x(h) = -11*h**3 + 2*h + 1. Let j be x(-1). Suppose m + 43 = -j*k. Determine y(k).
20
Suppose 3*h - 2 = o + h, 5*o = -3*h + 42. Let f(r) = 343*r**3 - o*r - 171*r**3 + 6 + 6*r**2 - 173*r**3. Determine f(5).
1
Let o = 19486 - 19477. Let b(r) = 3*r**2 - 27*r - 10. Calculate b(o).
-10
Let q(p) = 5 - 11 - 11*p**3 - 14*p**3 + 2*p**2 + 1 + 26*p**3 - 11*p. Calculate q(-4).
7
Let p = -2085 + 2081. Let b(k) = -2*k**3 - 6*k**2 - 5*k - 6. Calculate b(p).
46
Let h(w) = -3*w**2 + 17*w + 11. Let q(l) = -3*l**2 + l. Let m(z) = h(z) - 4*q(z). Let i be m(-1). Let u(g) = g**2 - 9*g + 6. Give u(i).
-8
Let l(u) = -5*u**2 - 2*u + 2. Let p = -152 - -114. Let v = -40 - p. What is l(v)?
-14
Let k(c) be the third derivative of c**5/60 - 7*c**4/12 + 7*c**3/3 + 107*c**2 + c - 5. Calculat